{"id":2575,"date":"2023-02-02T10:04:02","date_gmt":"2023-02-02T09:04:02","guid":{"rendered":"https:\/\/axtra.wealcoder.com\/?page_id=2575"},"modified":"2024-11-05T22:48:49","modified_gmt":"2024-11-05T21:48:49","slug":"contact-us","status":"publish","type":"page","link":"https:\/\/novaetix.com\/?page_id=2575","title":{"rendered":"Contact Us"},"content":{"rendered":"\t\t<div data-elementor-type=\"wp-page\" data-elementor-id=\"2575\" class=\"elementor elementor-2575\">\n\t\t\t\t\t\t\t\t\t<section class=\"elementor-section elementor-top-section elementor-element elementor-element-6dcbb4c elementor-section-full_width elementor-section-height-default elementor-section-height-default\" data-id=\"6dcbb4c\" data-element_type=\"section\">\n\t\t\t\t\t\t<div class=\"elementor-container elementor-column-gap-default\">\n\t\t\t\t\t<div class=\"elementor-column elementor-col-100 elementor-top-column elementor-element elementor-element-d4065c1\" data-id=\"d4065c1\" data-element_type=\"column\">\n\t\t\t<div class=\"elementor-widget-wrap elementor-element-populated\">\n\t\t\t\t\t\t\t\t<div class=\"elementor-element elementor-element-8c40e62 elementor-widget elementor-widget-axtra_contact_us\" data-id=\"8c40e62\" data-element_type=\"widget\" data-widget_type=\"axtra_contact_us.default\">\n\t\t\t\t<div class=\"elementor-widget-container\">\n\t\t\t\t\r\n    <!-- Contact area start -->\r\n    <section class=\"contact__area-6\">\r\n        <div class=\"container g-0 line pt-120 pb-110\">\r\n        \t<span class=\"line-3\"><\/span>\r\n            \r\n            <div class=\"row\">\r\n                                <div class=\"col-xxl-6 col-xl-6 col-lg-6 col-md-6\">\r\n                    <div class=\"sec-title-wrapper\">\r\n                    \t<h2 class=\"sec-title-2 animation__char_come\">Let\u2019s get in touch<\/h2>\r\n                    <\/div>\r\n                <\/div>\r\n                                \r\n                                <div class=\"col-xxl-6 col-xl-6 col-lg-6 col-md-6\">\r\n                    <div class=\"contact__text\">\r\n                        <p>Great! We're excited to hear from you and let's start something special together. Email or Call us for any inquiry.<\/p>\r\n                    <\/div>\r\n                <\/div>\r\n                            <\/div>\r\n            \r\n            <div class=\"row contact__btm\">\r\n                <div class=\"col-xxl-5 col-xl-5 col-lg-5 col-md-5\">\r\n                    <div class=\"contact__info\">\r\n                    \t<h3 class=\"sub-title-anim-top animation__word_come\">Don't be afraid to<br> say hello \ud83d\ude42<\/h3>                        <ul>\r\n                            <li><a href=\"tel:\ud83c\uddfd\ud83c\uddf0\ud83d\udcde &lt;br&gt; +383 48 411 439&lt;br&gt;+383 46 525 152&lt;br&gt;&lt;br&gt;info@novaetix.com&lt;br&gt;Prishtina, Kosovo 10000\">\ud83c\uddfd\ud83c\uddf0\ud83d\udcde <br> +383 48 411 439<br>+383 46 525 152<br><br>info@novaetix.com<br>Prishtina, Kosovo 10000<\/a><\/li>                            <li><a href=\"mailto:&lt;br&gt;\ud83c\uddf8\ud83c\uddea\ud83d\udcde&lt;br&gt;+46 705 39 00 09&lt;br&gt; +46 470 57 13 88 &lt;br&gt;&lt;br&gt;info@novaetix.se&lt;br&gt; Illerv\u00e4gen 4, 352 46 V\u00e4xj\u00f6\"><br>\ud83c\uddf8\ud83c\uddea\ud83d\udcde<br>+46 705 39 00 09<br> +46 470 57 13 88 <br><br>info@novaetix.se<br> Illerv\u00e4gen 4, 352 46 V\u00e4xj\u00f6<\/a><\/li>                                                    <\/ul>\r\n                    <\/div>\r\n                <\/div>\r\n                \r\n\t\t\t\t                <div class=\"col-xxl-7 col-xl-7 col-lg-7 col-md-7\">\r\n                    <div class=\"contact__form\">\r\n                        \n<div class=\"wpcf7 no-js\" id=\"wpcf7-f1288-o1\" lang=\"en-US\" dir=\"ltr\">\n<div class=\"screen-reader-response\"><p role=\"status\" aria-live=\"polite\" aria-atomic=\"true\"><\/p> <ul><\/ul><\/div>\n<form action=\"\/index.php?rest_route=%2Fwp%2Fv2%2Fpages%2F2575#wpcf7-f1288-o1\" method=\"post\" class=\"wpcf7-form init\" aria-label=\"Contact form\" novalidate=\"novalidate\" data-status=\"init\">\n<div style=\"display: none;\">\n<input type=\"hidden\" name=\"_wpcf7\" value=\"1288\" \/>\n<input type=\"hidden\" name=\"_wpcf7_version\" value=\"5.9.4\" \/>\n<input type=\"hidden\" name=\"_wpcf7_locale\" value=\"en_US\" \/>\n<input type=\"hidden\" name=\"_wpcf7_unit_tag\" value=\"wpcf7-f1288-o1\" \/>\n<input type=\"hidden\" name=\"_wpcf7_container_post\" value=\"0\" \/>\n<input type=\"hidden\" name=\"_wpcf7_posted_data_hash\" value=\"\" \/>\n<\/div>\n<div class=\"row g-3\">\n\t<div class=\"col-xxl-6 col-xl-6 col-12\">\n\t\t<p><span class=\"wpcf7-form-control-wrap\" data-name=\"text-69\"><input size=\"40\" class=\"wpcf7-form-control wpcf7-text wpcf7-validates-as-required\" aria-required=\"true\" aria-invalid=\"false\" placeholder=\"Name *\" value=\"\" type=\"text\" name=\"text-69\" \/><\/span>\n\t\t<\/p>\n\t<\/div>\n\t<div class=\"col-xxl-6 col-xl-6 col-12\">\n\t\t<p><span class=\"wpcf7-form-control-wrap\" data-name=\"email-632\"><input size=\"40\" class=\"wpcf7-form-control wpcf7-email wpcf7-validates-as-required wpcf7-text wpcf7-validates-as-email\" aria-required=\"true\" aria-invalid=\"false\" placeholder=\"Email *\" value=\"\" type=\"email\" name=\"email-632\" \/><\/span>\n\t\t<\/p>\n\t<\/div>\n<\/div>\n<div class=\"row g-3\">\n\t<div class=\"col-xxl-6 col-xl-6 col-12\">\n\t\t<p><span class=\"wpcf7-form-control-wrap\" data-name=\"tel-966\"><input size=\"40\" class=\"wpcf7-form-control wpcf7-tel wpcf7-text wpcf7-validates-as-tel\" aria-invalid=\"false\" placeholder=\"Phone\" value=\"\" type=\"tel\" name=\"tel-966\" \/><\/span>\n\t\t<\/p>\n\t<\/div>\n\t<div class=\"col-xxl-6 col-xl-6 col-12\">\n\t\t<p><span class=\"wpcf7-form-control-wrap\" data-name=\"text-70\"><input size=\"40\" class=\"wpcf7-form-control wpcf7-text\" aria-invalid=\"false\" placeholder=\"Subject *\" value=\"\" type=\"text\" name=\"text-70\" \/><\/span>\n\t\t<\/p>\n\t<\/div>\n<\/div>\n<div class=\"row g-3\">\n\t<div class=\"col-12\">\n\t\t<p><span class=\"wpcf7-form-control-wrap\" data-name=\"textarea-968\"><textarea cols=\"40\" rows=\"10\" class=\"wpcf7-form-control wpcf7-textarea\" aria-invalid=\"false\" placeholder=\"Messages *\" name=\"textarea-968\"><\/textarea><\/span>\n\t\t<\/p>\n\t<\/div>\n<\/div>\n<div class=\"row g-3\">\n\t<div class=\"col-12\">\n\t\t<div id=\"btn_wrapper\">\n\t\t\t<p><button class=\"wc-btn-primary btn-hover btn-item1\"><span><\/span>Send<br \/>\nMessage<i class=\"fa-solid fa-arrow-right\"><\/i><\/button>\n\t\t\t<\/p>\n\t\t<\/div>\n\t<\/div>\n<\/div><div class=\"wpcf7-response-output\" aria-hidden=\"true\"><\/div>\n<\/form>\n<\/div>\n                    <\/div>\r\n                <\/div>\r\n                            <\/div>\r\n        <\/div>\r\n    <\/section>\r\n    <!-- Contact area end -->\r\n                   \r\n    \t\t<\/div>\n\t\t\t\t<\/div>\n\t\t\t\t\t<\/div>\n\t\t<\/div>\n\t\t\t\t\t\t\t<\/div>\n\t\t<\/section>\n\t\t\t\t\t\t\t<\/div>\n\t\t","protected":false},"excerpt":{"rendered":"<p>Let\u2019s get in touch Great! We&#8217;re excited to hear from you and let&#8217;s start something special together. Email or Call us for any inquiry. Don&#8217;t be afraid to say hello \ud83d\ude42 \ud83c\uddfd\ud83c\uddf0\ud83d\udcde +383 48 411 439+383 46 525 152 info@novaetix.comPrishtina, Kosovo 10000 \ud83c\uddf8\ud83c\uddea\ud83d\udcde+46 705 39 00 09 +46 470 57 13 88 info@novaetix.se Illerv\u00e4gen 4, [&hellip;]<\/p>\n","protected":false},"author":1,"featured_media":0,"parent":0,"menu_order":0,"comment_status":"closed","ping_status":"closed","template":"tpl-default-elementor.php","meta":{"footnotes":""},"_links":{"self":[{"href":"https:\/\/novaetix.com\/index.php?rest_route=\/wp\/v2\/pages\/2575"}],"collection":[{"href":"https:\/\/novaetix.com\/index.php?rest_route=\/wp\/v2\/pages"}],"about":[{"href":"https:\/\/novaetix.com\/index.php?rest_route=\/wp\/v2\/types\/page"}],"author":[{"embeddable":true,"href":"https:\/\/novaetix.com\/index.php?rest_route=\/wp\/v2\/users\/1"}],"replies":[{"embeddable":true,"href":"https:\/\/novaetix.com\/index.php?rest_route=%2Fwp%2Fv2%2Fcomments&post=2575"}],"version-history":[{"count":34,"href":"https:\/\/novaetix.com\/index.php?rest_route=\/wp\/v2\/pages\/2575\/revisions"}],"predecessor-version":[{"id":3993,"href":"https:\/\/novaetix.com\/index.php?rest_route=\/wp\/v2\/pages\/2575\/revisions\/3993"}],"wp:attachment":[{"href":"https:\/\/novaetix.com\/index.php?rest_route=%2Fwp%2Fv2%2Fmedia&parent=2575"}],"curies":[{"name":"wp","href":"https:\/\/api.w.org\/{rel}","templated":true}]}}